**2 + 722*u - 600. Determine l(13).
-2
Let u(v) = -40*v**2 - 8*v - 1. What is u(-5)?
-961
Let z(d) = 120746*d - 603859. Give z(5).
-129
Let a(z) = -3*z**2 - 301*z + 17314. What is a(40)?
474
Let a(z) = -2670*z**2 + 26785*z - 30. Determine a(10).
820
Let r(n) = -4*n**3 + 39*n**2 - 9*n + 87. What is r(-7)?
3433
Let y(u) = 10*u**2 + 876*u + 2566. Determine y(-3).
28
Let i(l) = -662851*l + 15245571. What is i(23)?
-2
Let t(g) = -513*g + 11751. Give t(32).
-4665
Let h(t) = 474*t + 2371. Determine h(-5).
1
Let z(k) = -4025*k**2 - 9800*k + 5. What is z(-2)?
3505
Let c(i) = 10568*i - 52909. Give c(5).
-69
Let g(x) = -88*x**2 + 231*x + 1040. Determine g(5).
-5
Let d(j) = -2185*j + 5789. What is d(3)?
-766
Let x(q) = -13922*q + 348021. Calculate x(25).
-29
Let m(b) = -12*b**3 + 11*b**2 - 18*b - 107. Determine m(-4).
909
Let f(r) = r**3 - 33*r**2 + 7*r + 393. What is f(33)?
624
Let m(c) = 162*c**2 + 18488*c + 2310. Calculate m(-114).
30
Let a(p) = 61*p**2 - 1920*p + 892. Determine a(31).
-7
Let s(q) = -1028*q - 6717. What is s(-6)?
-549
Let s(c) = -4*c**3 + 133*c**2 - 47*c - 209. Give s(33).
-671
Let u(k) = 919*k - 57679. Determine u(65).
2056
Let q(w) = -2*w**3 - 114*w**2 - 1621*w - 73. Calculate q(-27).
-46
Let y(q) = 6*q**3 + 895*q**2 + 164*q + 2010. Give y(-149).
-225
Let v(y) = -431*y + 4911. Determine v(13).
-692
Let l(o) = 7184*o - 330461. What is l(46)?
3
Let u(c) = 2*c**3 - 19*c**2 - 1099*c + 11704. Determine u(11).
-22
Let s(u) = -2*u**3 - 130*u**2 - 126*u + 180. Give s(-64).
52
Let t(k) = 2*k**3 + 20*k**2 - 3082*k + 6065. Determine t(2).
-3
Let a(i) = 4*i**3 - 226*i**2 + 2796*i - 165866. Give a(57).
4
Let c(b) = -33*b**2 - 179*b - 730. What is c(-4)?
-542
Let u(y) = -22*y**3 + 2*y**2 + 134*y - 268. What is u(2)?
-168
Let x(o) = -65*o**3 - 447*o**2 + 47*o - 84. Calculate x(-7).
-21
Let w(t) = 124*t**2 + 2883*t + 714. Give w(-23).
1
Let v(z) = 26*z**2 - 845*z + 6859. Calculate v(17).
8
Let n(h) = 2*h**3 - 131*h**2 + 70*h + 251. Give n(65).
576
Let q(u) = -u**2 - 1565*u - 426970. Give q(-352).
6
Let u(r) = 24*r**3 + 556*r**2 + 127*r + 808. Give u(-23).
3
Let f(y) = y**3 - 10*y**2 + 28*y + 55. Give f(5).
70
Let i(s) = 69*s**3 - 515*s**2 + 207*s + 114. What is i(7)?
-5
Let c(r) = -3997*r + 16366. Calculate c(4).
378
Let s(k) = 48401*k + 435613. Give s(-9).
4
Let o(n) = 30*n**2 + 96*n + 47. Calculate o(-4).
143
Let y(n) = 16*n**2 - 287*n + 871. Calculate y(5).
-164
Let k(g) = 33852*g - 26607677. Give k(786).
-5
Let u(t) = 4*t**3 + 149*t**2 + 49*t + 388. Give u(-37).
-56
Let z(o) = o**3 - 56*o**2 + 631*o - 280. Determine z(16).
-424
Let m(a) = -5*a**3 + 1124*a**2 - 14749*a - 97. Determine m(14).
1
Let i(q) = -q**3 - 37*q**2 - 66*q + 1198. What is i(-34)?
-26
Let t(i) = 2904*i - 5864. Determine t(2).
-56
Let b(o) = 88*o**2 - 8291*o + 1884. Determine b(94).
98
Let r(h) = h**2 + 982*h + 23213. Calculate r(-24).
221
Let o(c) = -287*c - 1985. What is o(-1)?
-1698
Let b(l) = -39375*l - 236238. Determine b(-6).
12
Let y(v) = 40*v**2 + 1598*v - 8204. Calculate y(5).
786
Let i(u) = -1879*u - 14133. Give i(-7).
-980
Let m(x) = -49*x + 949. Calculate m(12).
361
Let c(x) = x**2 + 31*x - 11017. Calculate c(-122).
85
Let f(v) = 105*v + 5194. Calculate f(-34).
1624
Let k(r) = -29995*r - 989942. Give k(-33).
-107
Let y(h) = 236*h**2 - 2771*h - 731. What is y(12)?
1
Let u(y) = y**2 - 4380*y + 117294. Calculate u(27).
-237
Let n(o) = -64139*o**2 - 577251*o + 2. What is n(-9)?
2
Let m(a) = -8*a**3 + 9*a**2 - 30*a - 314. Determine m(-7).
3081
Let f(k) = -149*k + 19723. Determine f(132).
55
Let q(i) = -12*i**3 - 126*i**2 - 19*i - 118. Calculate q(-10).
-528
Let g(m) = m**3 - 64*m**2 + 449*m - 20012. What is g(62)?
138
Let v(z) = 102*z**2 + 1197*z + 2390. Give v(-2).
404
Let u(z) = 32*z**2 + 1269*z - 7538. Give u(6).
1228
Let y(v) = -72*v**2 + 195*v - 666. Determine y(3).
-729
Let o(x) = x**2 - 3212*x + 101. Determine o(0).
101
Let i(p) = -1983*p + 97815. Determine i(49).
648
Let d(p) = 34502*p + 379526. Determine d(-11).
4
Let d(u) = 3*u**3 + 174*u**2 - 2288*u - 747. Determine d(-69).
12
Let w(r) = 65430*r - 196562. Calculate w(3).
-272
Let x(m) = 50*m - 1069. Determine x(17).
-219
Let j(m) = 830*m**2 + 114*m + 95. What is j(-1)?
811
Let k(v) = -v**2 - 127*v - 628. Calculate k(-5).
-18
Let s(p) = -61*p**2 + 9347*p - 2151. Determine s(153).
-9
Let z(a) = -1557*a + 227189. Give z(146).
-133
Let t(d) = -18*d**2 - 474*d + 167. Calculate t(-26).
323
Let q(d) = -2*d**3 + 25*d**2 - 21*d - 236. Give q(4).
-48
Let h(a) = -192330*a + 769540. Determine h(4).
220
Let i(g) = -738*g - 230977. What is i(-313)?
17
Let g(p) = 4*p**3 - 59*p**2 - 17*p + 828. Determine g(14).
2
Let o(l) = -114*l - 9487. What is o(-79)?
-481
Let z(f) = f**2 - 2299*f - 55683. Determine z(-24).
69
Let q(l) = -33*l**2 + 294*l - 570. Calculate q(7).
-129
Let v(f) = -73*f**3 + 3286*f**2 - 45*f + 175. What is v(45)?
175
Let t(w) = -4051*w + 16159. Determine t(4).
-45
Let z(c) = c**2 - 588*c - 4205. Determine z(-7).
-40
Let t(q) = 16806*q + 470582. What is t(-28)?
14
Let j(w) = -72487*w - 289946. Calculate j(-4).
2
Let i(c) = -3*c**3 + 56*c**2 + 616*c + 1034. Calculate i(-6).
2
Let s(r) = -2*r**2 + 410*r - 2796. Determine s(7).
-24
Let o(f) = f**3 - 46*f**2 - 69*f - 2059. Calculate o(49).
1763
Let a(x) = -21879*x + 43743. Determine a(2).
-15
Let k(u) = -70953*u - 2554359. Calculate k(-36).
-51
Let l(k) = 3*k**2 + 263*k - 5858. Calculate l(-106).
-28
Let k(x) = 231656*x - 231653. Calculate k(1).
3
Let r(c) = 99521*c + 6468875. What is r(-65)?
10
Let x(b) = 487*b + 144763. Calculate x(-292).
2559
Let k(w) = -w**3 - 280*w**2 - 3313*w - 26002. Determine k(-268).
-6
Let j(q) = -399*q + 4861. Determine j(12).
73
Let n(i) = -2*i**2 + 142*i + 13725. Determine n(126).
-135
Let z(u) = -562*u - 7096. Calculate z(-12).
-352
Let k(g) = 14*g**2 - 400*g - 966. Calculate k(31).
88
Let t(s) = 3012*s**2 - 36*s - 19. What is t(-1)?
3029
Let i(y) = 437*y**2 - 214*y - 219. What is i(-1)?
432
Let t(b) = b**3 + 16*b**2 - 397*b - 4162. What is t(-10)?
408
Let g(j) = -268469*j + 9664882. Give g(36).
-2
Let d(n) = n**2 + 630*n + 63887. What is d(-127)?
6
Let c(l) = -l**3 - 254*l**2 + 4332*l + 4084. Calculate c(-270).
844
Let m(v) = v**3 + 320*v**2 + 3983*v + 1274562. Give m(-320).
2
Let m(j) = -119*j + 12476. Give m(63).
4979
Let j(l) = l**3 - 20*l**2 + 7372*l + 14830. Determine j(-2).
-2
Let c(a) = 3*a**2 - 1063*a - 11409. Determine c(365).
271
Let k(l) = 16*l**3 + 139*l**2 + 11*l + 497. Give k(-9).
-7
Let u(x) = 7*x**2 + 7887*x - 31554. What is u(4)?
106
Let s(t) = t**2 - 828*t - 107491. What is s(-114)?
-103
Let k(y) = -906*y**3 - y**2 - 95*y - 95. Calculate k(-1).
905
Let i(h) = h**3 + 131*h**2 - 831*h - 1428. What is i(-137)?
-195
Let y(s) = 40863*s + 1961425. Give y(-48).
1
Let y(h) = h**2 - 197*h + 7368. What is y(143)?
-354
Let b(v) = 15340*v + 8897183. What is b(-580)?
-17
Let x(k) = 2*k**3 - 1395*k**2 + 29657*k + 1435. Determine x(22).
5
Let t(j) = 2276*j**3 + j**2 - 57*j - 63. Determine t(-1).
-2281
Let i(y) = -3*y**3 + 213*y**2 - 76*y - 288. Calculate i(-1).
4
Let j(k) = 17*k**2 - 12376*k + 67. Give j(728).
67
Let o(s) = 191*s - 20874. Calculate o(111).
327
Let n(y) = -2*y**3 - 341*y**2 - 221*y - 67044. Calculate n(-171).
-12
Let x(d) = -d**3 + 65*d**2 - 1007*d - 142. Determine x(43).
-2765
Let k(i) = 51255*i + 35519715. What is k(-693)?
0
Let q(x) = 729*x**3 - 6*x**2 + 11*x - 4. Calculate q(1).
730
Let u(q) = 7*q**3 + 3439*q**2 + 4410*q - 78. Give u(-490).
-78
Let d(p) = 1651*p - 9899. Give d(6).
7
Let l(q) = -q**3 + 37*q**2 + 60*q + 333. What is l(39)?
-369
Let b(m) = 3*m**3 + 125*m**2 + 36*m - 179. What is b(-41)?
1707
Let p(z) = -2*z**3 - 15*z**2 + 35*z + 252. Determine p(-5).
-48
Let q(a) = -17*a**3 + 22*a**2 + 5*a - 1. Give q(-4).
1419
Let z(p) = -2*p**3 - 816*p**2 - 51983*p - 345. Calculate z(-329).
-16
Let o(i) = i**3 - 378*i**2 - 362*i - 6492. Determine o(379).
-49
Let u(g) = 6*g**3 - 7*g**2 + 89*g + 543. Give u(-7).
-2481
Let r(w) = w**2 + 396*w - 8087. What is r(24)?
1993
Let w(f) = -225*f + 7378. Determine w(33).
-47
Let m(y) = -166*y**2 - 1974*y + 3958. Determine m(2).
-654
Let j(h) = 14*h**2 + 2493*h + 107481. Determine j(-105).
66
Let o(k) = 21*k - 650. What is o(10)?
-440
Let m(l) = -l**3 + 63*l**2 + 2181*l 